
9b1
What is 20154 (base 7) in base 16?
131a
10340 (base 5) to base 4
23100
-211002222 (base 3) to base 9
-24088
0 (base 11) to base 13
0
Convert -2636 (base 15) to base 14.
-2d83
-22301 (base 4) to base 10
-689
13b31 (base 13) to base 3
1212211021
Convert 233202 (base 4) to base 5.
44132
What is 12035 (base 7) in base 14?
11c5
1100101 (base 2) to base 12
85
What is 1101011010001 (base 2) in base 12?
3b81
Convert 821 (base 11) to base 5.
12431
Convert 3544 (base 6) to base 7.
2332
115455 (base 7) to base 16
52a7
What is 122023 (base 6) in base 5?
321230
What is -2110221 (base 3) in base 5?
-24212
22622 (base 9) to base 16
3aee
-10000111001 (base 2) to base 11
-8a3
-545 (base 6) to base 4
-3101
-852 (base 11) to base 13
-60b
3747 (base 9) to base 6
20541
What is -71 (base 16) in base 14?
-81
20100012 (base 3) to base 12
2812
Convert -20020 (base 4) to base 14.
-292
What is -20212 (base 3) in base 11?
-159
Convert -746 (base 16) to base 8.
-3506
-1001002 (base 4) to base 16
-1042
Convert -48c (base 14) to base 10.
-908
Convert 9507 (base 11) to base 3.
122021100
What is -6121 (base 7) in base 15?
-967
Convert 757 (base 14) to base 13.
876
Convert -13161 (base 8) to base 14.
-2145
What is -41 (base 8) in base 12?
-29
1232123 (base 4) to base 5
211232
1221102 (base 3) to base 12
99b
What is 7444 (base 8) in base 14?
15ac
Convert 132414 (base 5) to base 16.
14ef
-351132 (base 6) to base 11
-20666
-1022010 (base 4) to base 12
-28b0
What is -10000100001101 (base 2) in base 16?
-210d
1111101 (base 2) to base 7
236
-304 (base 11) to base 8
-557
What is 184 (base 16) in base 5?
3023
What is 3233013 (base 4) in base 16?
3bc7
What is -532023 (base 7) in base 14?
-25713
-17850 (base 11) to base 15
-7606
What is -47b (base 15) in base 8?
-1770
What is 12031 (base 4) in base 7?
1105
What is -20111220 (base 3) in base 14?
-1a33
Convert -1ac (base 16) to base 12.
-2b8
-2600 (base 7) to base 12
-698
What is 5539 (base 14) in base 5?
433001
Convert 101241 (base 5) to base 8.
6371
Convert -123452 (base 6) to base 15.
-34b2
Convert -4934 (base 13) to base 5.
-312402
What is 3232100 (base 4) in base 11?
10502
What is 13b9 (base 15) in base 16?
1080
What is -31032 (base 5) in base 2?
-11111100001
-9916 (base 11) to base 12
-76a5
What is 10001010 (base 3) in base 7?
6315
42a9 (base 12) to base 11
5563
Convert -1288 (base 9) to base 7.
-2555
What is 911 (base 10) in base 8?
1617
What is 1011110101 (base 2) in base 15?
357
601 (base 13) to base 16
3f7
What is -110110011010011 (base 2) in base 9?
-42184
Convert 48b6 (base 15) to base 5.
443341
b83a (base 12) to base 7
112624
-2003041 (base 5) to base 10
-31646
30949 (base 10) to base 11
21286
3213120 (base 4) to base 5
433213
What is 135 (base 16) in base 3?
102110
Convert -4736 (base 10) to base 2.
-1001010000000
What is 101101011001011 (base 2) in base 6?
255335
7401 (base 14) to base 9
30374
What is -2565 (base 7) in base 15?
-453
What is -29481 (base 12) in base 15?
-12167
What is 110233 (base 5) in base 6?
25402
Convert -18194 (base 10) to base 8.
-43422
Convert -609 (base 16) to base 4.
-120021
Convert -14919 (base 11) to base 3.
-1001220112
Convert -20122 (base 4) to base 5.
-4123
What is -2420342 (base 5) in base 10?
-45097
Convert -14540 (base 7) to base 16.
-fce
What is -2443 (base 7) in base 16?
-391
-202121 (base 7) to base 14
-c748
Convert 164 (base 10) to base 7.
323
What is 2672 (base 12) in base 2?
1000100110110
Convert -11221 (base 4) to base 7.
-1024
What is 23614 (base 8) in base 10?
10124
Convert -232341 (base 5) to base 8.
-20427
Convert 1011200 (base 3) to base 16.
357
-174 (base 14) to base 3
-102001
What is -389 (base 10) in base 8?
-605
What is b01 (base 14) in base 7?
6201
Convert 140c (base 15) to base 16.
10bf
What is 2472 (base 8) in base 15?
5e3
Convert 23a7 (base 11) to base 13.
1579
What is -244 (base 13) in base 3?
-112121
10001100 (base 2) to base 14
a0
What is -1101100101110 (base 2) in base 15?
-20dd
What is -31221 (base 4) in base 9?
-1170
Convert 1013330 (base 4) to base 13.
2132
-141 (base 16) to base 4
-11001
What is -12432 (base 6) in base 7?
-5342
65424 (base 8) to base 13
c628
What is -1405 (base 8) in base 5?
-11043
-2995 (base 14) to base 6
-54103
-111021 (base 4) to base 10
-1353
-215250 (base 8) to base 16
-11aa8
51402 (base 10) to base 16
c8ca
What is 4a59 (base 13) in base 16?
2938
Convert 1020221 (base 3) to base 10.
916
What is -189e (base 15) in base 4?
-1103030
Convert -11808 (base 11) to base 5.
-1020243
What is 1a320 (base 12) in base 13?
14685
-21301 (base 4) to base 8
-1161
1413242 (base 5) to base 4
13020031
Convert 29a42 (base 11) to base 10.
42517
Convert -1242203 (base 5) to base 12.
-12346
-5d63 (base 15) to base 14
-736d
What is 4786 (base 11) in base 7?
24160
Convert fda (base 16) to base 2.
111111011010
-11313 (base 5) to base 4
-31001
What is 8866 (base 10) in base 5?
240431
-102635 (base 8) to base 9
-51825
1122010 (base 3) to base 15
546
What is -6aa (base 12) in base 9?
-1324
What is -705 (base 11) in base 15?
-3bc
-2200 (base 6) to base 14
-280
What is -12303 (base 6) in base 2?
-11100101111
What is 1681 (base 12) in base 6?
20241
20210211 (base 4) to base 5
2110414
What is -100100001101 (base 2) in base 9?
-3154
What is 3637 (base 11) in base 13?
2221
What is 459 (base 11) in base 10?
548
What is 352 (base 15) in base 12?
528
Convert 1343 (base 9) to base 3.
1101110
Convert 13210022 (base 4) to base 13.
11147
Convert -1701 (base 14) to base 3.
-12122111
What is -1ab2 (base 16) in base 7?
-25632
36030 (base 9) to base 2
101111000010100
What is c78 (base 14) in base 15?
add
What is -30a (base 12) in base 16?
-1ba
What is 122032 (base 4) in base 5?
23203
Convert 8096 (base 14) to base 7.
121246
268 (base 9) to base 14
120
Convert 69 (base 10) to base 3.
2120
Convert -331100 (base 4) to base 14.
-1600
Convert 87c9 (base 15) to base 5.
1410024
Convert -21460 (base 7) to base 15.
-18dd
What is 19b (base 16) in base 8?
633
What is -11010 (base 5) in base 9?
-1028
What is -796 (base 12) in base 4?
-101202
-111001000 (base 2) to base 4
-13020
Convert -100111001 (base 2) to base 3.
-102121
Convert 2315 (base 6) to base 10.
551
-15855 (base 10) to base 8
-36757
What is 967 (base 15) in base 16?
84a
What is -402a (base 15) in base 8?
-32344
What is -10761 (base 12) in base 6?
-245001
What is -23a1 (base 13) in base 9?
-6811
Convert 201313 (base 6) to base 13.
72cc
Convert 15713 (base 8) to base 6.
52535
14405 (base 8) to base 14
2497
Convert 2b6 (base 14) to base 3.
202110
What is -23990 (base 10) in base 14?
-8a58
-142243 (base 5) to base 2
-1011100111100
What is 4514 (base 10) in base 15?
150e
Convert 218d (base 16) to base 2.
10000110001101
Convert -625 (base 12) to base 9.
-1202
Convert 669b (base 14) to base 12.
a355
What is 10201200021 (base 3) in base 7?
423655
What is bc9a (base 15) in base 10?
39970
Convert -1581 (base 9) to base 14.
-623
-202d (base 16) to base 3
-102022002
What is 1077 (base 11) in base 2?
10110000111
What is dcd5 (base 14) in base 2?
1001010101000011
Convert 641 (base 7) to base 2.
101000011
30553 (base 8) to base 10
12651
What is -115006 (base 7) in base 14?
-78ad
-453 (base 15) to base 12
-696
Convert -5b59 (base 14) to base 4.
-3321103
What is -2114 (base 8) in base 11?
-910
What is 22818 (base 9) in base 10?
15245
-1344 (base 6) to base 5
-2402
Convert -2895 (base 10) to base 8.
-5517
Convert 411425 (base 6) to base 5.
2022102
2b5 (base 15) to base 2
1001101100
Convert -100200220 (base 3) to base 9.
-10626
What is 11000000000 (base 2) in base 14?
7ba
What is 314b3 (base 12) in base 7?
356322
Convert 331230 (base 4) to base 5.
111243
What is -1106 (base 7) in base 14?
-206
Convert -227 (base 11) to base 14.
-155
Convert 86a (base 16) to base 2.
100001101010
52151 (base 6) to base 4
1231003
Convert 13153 (base 6) to base 8.
3735
What is -1234 (base 12) in base 14?
-a6c
-2105 (base 6) to base 11
-3a0
Convert 3430 (base 11) to base 7.
16102
Convert 51 (base 11) to base 7.
110
Convert -7c2 (base 16) to base 7.
-5535
Convert 111412 (base 5) to base 11.
2aa0
-14060 (base 9) to base 6
-112043
What is -2211200 (base 4) in base 11?
-7a5a
What is 311022 (base 5) in base 2?
10011110011001
What is -3001 (base 4) in base 7?
-364
Convert 6